{"id":28,"date":"2020-12-02T17:44:50","date_gmt":"2020-12-02T17:44:50","guid":{"rendered":"https:\/\/www.carlesbrotons.com\/?page_id=28"},"modified":"2020-12-08T22:55:06","modified_gmt":"2020-12-08T22:55:06","slug":"sobre-mi","status":"publish","type":"page","link":"https:\/\/www.carlesbrotons.com\/index.php\/sobre-mi\/","title":{"rendered":"Sobre m\u00ed"},"content":{"rendered":"\n<figure class=\"wp-block-table\"><table><tbody><tr><td>Nac\u00ed un soleado d\u00eda de primavera en Barcelona, un domingo 23 de abril. <br><br>En efecto, el D\u00eda Internacional del Libro, el d\u00eda en que se conmemora a tres grandes escritores: el entierro de Miguel de Cervantes, la muerte y probablemente tambi\u00e9n el nacimiento de William Shakespeare y la defunci\u00f3n de Inca Garcilaso de la Vega, se alinearon los astros para que yo llegara a este mundo.&nbsp;<br><br>Pas\u00e9 mi etapa escolar sin pena ni gloria y aunque no fui buen estudiante, disfrutaba escribiendo mi diario juvenil y las redacciones de las tareas escolares y mis maestros me animaban a que continuara escribiendo.&nbsp;<br><br>La motivaci\u00f3n para seguir escribiendo, la encontr\u00e9 en los viajes. Durante los mismos, nunca faltaban en mi mochila un cuaderno y unos cu\u00e1ntos l\u00e1pices y bol\u00edgrafos, para anotar todo lo que acontec\u00eda en mis periplos.&nbsp;<\/td><\/tr><\/tbody><\/table><\/figure>\n\n\n\n<div class=\"wp-block-image\"><figure class=\"aligncenter size-large\"><img loading=\"lazy\" width=\"932\" height=\"1024\" src=\"https:\/\/www.carlesbrotons.com\/wp-content\/uploads\/2020\/12\/Carles-Brotons-1-932x1024.jpg\" alt=\"\" class=\"wp-image-56\" srcset=\"https:\/\/www.carlesbrotons.com\/wp-content\/uploads\/2020\/12\/Carles-Brotons-1-932x1024.jpg 932w, https:\/\/www.carlesbrotons.com\/wp-content\/uploads\/2020\/12\/Carles-Brotons-1-273x300.jpg 273w, https:\/\/www.carlesbrotons.com\/wp-content\/uploads\/2020\/12\/Carles-Brotons-1-768x844.jpg 768w, https:\/\/www.carlesbrotons.com\/wp-content\/uploads\/2020\/12\/Carles-Brotons-1-1398x1536.jpg 1398w, https:\/\/www.carlesbrotons.com\/wp-content\/uploads\/2020\/12\/Carles-Brotons-1-1864x2048.jpg 1864w\" sizes=\"(max-width: 767px) 89vw, (max-width: 1000px) 54vw, (max-width: 1071px) 543px, 580px\" \/><\/figure><\/div>\n\n\n\n<p>Mis primeros recuerdos de viaje se remontan a mi Barcelona natal, en el viejo coche de la fam\u00edlia con mis padres y mi hermano. A la tierna edad de ocho a\u00f1os ya sent\u00eda la emoci\u00f3n del viaje viendo a mi madre preparando el equipaje y a mi padre consultando mapas de carreteras la v\u00edspera de la salida.<\/p>\n\n\n\n<p>La emoci\u00f3n del madrug\u00f3n para montarnos en el coche antes del amanecer, para evitar las horas de calor durante el d\u00eda, en aquel diminuto Seat sin aire acondicionado. Recuerdo la sensaci\u00f3n de mi rostro pegado a la ventanilla viendo pasar la cinta de asfalto, recorriendo carreteras de la Espa\u00f1a de los a\u00f1os 70.&nbsp;<\/p>\n\n\n\n<p>Con 14 a\u00f1os empec\u00e9 a salir a la monta\u00f1a, en excursiones organizadas por el centro excursionista del barrio, esas excursiones fueron adquiriendo m\u00e1s envergadura, llevando mi afici\u00f3n al alpinismo y la escalada.<br>Cuando cumpl\u00ed 18 a\u00f1os empec\u00e9 a viajar por mi cuenta&nbsp;en moto, en coche, en transporte p\u00fablico o a pie.<\/p>\n\n\n\n<p>Me gusta mucho viajar en solitario.<\/p>\n\n\n\n<p>Llegar a un lugar desconocido para m\u00ed, en el que no conozco ni el idioma y tengo que buscarme la vida para moverme por el sitio, me saca de mi zona de confort y necesito experimentar esa sensaci\u00f3n para sentirme vivo.&nbsp;<\/p>\n\n\n\n<p>Desde esos viajes en el 600 de mi padre, he viajado por m\u00e1s de 40 pa\u00edses, yendo s\u00f3lo o acompa\u00f1ado.<\/p>\n\n\n\n<p>Siempre buscando ir m\u00e1s all\u00e1 de los l\u00edmites de mi zona de confort, he ascendido monta\u00f1as en los Pirineos, los Alpes, los Andes o el Himalaya, y he realizado singladuras a vela por el Mediterr\u00e1neo, y en su momento me form\u00e9 como gu\u00eda de monta\u00f1a en la Escuela Espa\u00f1ola de Alta Monta\u00f1a (EEAM) de Benasque, y como patr\u00f3n de velero en la Escola N\u00e0utica de Catalunya.&nbsp;<\/p>\n\n\n\n<p>Durante a\u00f1os he trabajado como gu\u00eda de monta\u00f1a, ense\u00f1ando a escalar, acompa\u00f1ando a gente en ascensiones en los Pirineos, y en descensos de barrancos y ca\u00f1ones.&nbsp;<\/p>\n\n\n\n<p>De todo lo visto, o\u00eddo, olido, comido y vivido, en el mar, en altas monta\u00f1as o en pa\u00edses lejanos, intento extraer el jugo, la gasolina que me da la energ\u00eda para escribir.<\/p>\n","protected":false},"excerpt":{"rendered":"<p>Nac\u00ed un soleado d\u00eda de primavera en Barcelona, un domingo 23 de abril. En efecto, el D\u00eda Internacional del Libro, el d\u00eda en que se conmemora a tres grandes escritores: el entierro de Miguel de Cervantes, la muerte y probablemente tambi\u00e9n el nacimiento de William Shakespeare y la defunci\u00f3n de Inca Garcilaso de la Vega, &hellip; <\/p>\n<p class=\"link-more\"><a href=\"https:\/\/www.carlesbrotons.com\/index.php\/sobre-mi\/\" class=\"more-link\">Continuar leyendo<span class=\"screen-reader-text\"> &#8220;Sobre m\u00ed&#8221;<\/span><\/a><\/p>\n","protected":false},"author":1,"featured_media":0,"parent":0,"menu_order":0,"comment_status":"closed","ping_status":"closed","template":"","meta":[],"_links":{"self":[{"href":"https:\/\/www.carlesbrotons.com\/index.php\/wp-json\/wp\/v2\/pages\/28"}],"collection":[{"href":"https:\/\/www.carlesbrotons.com\/index.php\/wp-json\/wp\/v2\/pages"}],"about":[{"href":"https:\/\/www.carlesbrotons.com\/index.php\/wp-json\/wp\/v2\/types\/page"}],"author":[{"embeddable":true,"href":"https:\/\/www.carlesbrotons.com\/index.php\/wp-json\/wp\/v2\/users\/1"}],"replies":[{"embeddable":true,"href":"https:\/\/www.carlesbrotons.com\/index.php\/wp-json\/wp\/v2\/comments?post=28"}],"version-history":[{"count":5,"href":"https:\/\/www.carlesbrotons.com\/index.php\/wp-json\/wp\/v2\/pages\/28\/revisions"}],"predecessor-version":[{"id":143,"href":"https:\/\/www.carlesbrotons.com\/index.php\/wp-json\/wp\/v2\/pages\/28\/revisions\/143"}],"wp:attachment":[{"href":"https:\/\/www.carlesbrotons.com\/index.php\/wp-json\/wp\/v2\/media?parent=28"}],"curies":[{"name":"wp","href":"https:\/\/api.w.org\/{rel}","templated":true}]}}