{"id":35,"date":"2020-12-02T17:49:08","date_gmt":"2020-12-02T17:49:08","guid":{"rendered":"https:\/\/www.carlesbrotons.com\/?page_id=35"},"modified":"2020-12-08T23:05:46","modified_gmt":"2020-12-08T23:05:46","slug":"testimonios","status":"publish","type":"page","link":"https:\/\/www.carlesbrotons.com\/index.php\/testimonios\/","title":{"rendered":"Testimonios"},"content":{"rendered":"\n<p><strong>Esto es lo que dicen mis lectores de mis libros&#8230;<\/strong><\/p>\n\n\n\n<div class=\"wp-block-columns\">\n<div class=\"wp-block-column\" style=\"flex-basis:33.33%\">\n<figure class=\"wp-block-image size-large\"><img loading=\"lazy\" width=\"720\" height=\"720\" src=\"https:\/\/www.carlesbrotons.com\/wp-content\/uploads\/2020\/12\/WhatsApp-Image-2020-12-07-at-13.38.21.jpeg\" alt=\"\" class=\"wp-image-129\" srcset=\"https:\/\/www.carlesbrotons.com\/wp-content\/uploads\/2020\/12\/WhatsApp-Image-2020-12-07-at-13.38.21.jpeg 720w, https:\/\/www.carlesbrotons.com\/wp-content\/uploads\/2020\/12\/WhatsApp-Image-2020-12-07-at-13.38.21-300x300.jpeg 300w, https:\/\/www.carlesbrotons.com\/wp-content\/uploads\/2020\/12\/WhatsApp-Image-2020-12-07-at-13.38.21-150x150.jpeg 150w, https:\/\/www.carlesbrotons.com\/wp-content\/uploads\/2020\/12\/WhatsApp-Image-2020-12-07-at-13.38.21-100x100.jpeg 100w\" sizes=\"(max-width: 720px) 100vw, 720px\" \/><figcaption>Fernando Bautista<\/figcaption><\/figure>\n<\/div>\n\n\n\n<div class=\"wp-block-column\" style=\"flex-basis:66.66%\">\n<p><br>Es como si tu mejor amigo se fuera de Viaje a Nepal y despu\u00e9s te lo contara. Penurias, alegr\u00edas, fr\u00edo y pasi\u00f3n, mucha pasi\u00f3n, es la que transmite Carles con sus letras. Impresionante aventura.<\/p>\n\n\n\n<p class=\"has-text-align-right\"><em>Viaje a Nepal<\/em><\/p>\n<\/div>\n<\/div>\n\n\n\n<div class=\"wp-block-columns\">\n<div class=\"wp-block-column\" style=\"flex-basis:33.33%\">\n<figure class=\"wp-block-image size-large\"><img loading=\"lazy\" width=\"983\" height=\"1024\" src=\"https:\/\/www.carlesbrotons.com\/wp-content\/uploads\/2020\/12\/WhatsApp-Image-2020-12-07-at-10.04.29-983x1024.jpeg\" alt=\"\" class=\"wp-image-137\" srcset=\"https:\/\/www.carlesbrotons.com\/wp-content\/uploads\/2020\/12\/WhatsApp-Image-2020-12-07-at-10.04.29-983x1024.jpeg 983w, https:\/\/www.carlesbrotons.com\/wp-content\/uploads\/2020\/12\/WhatsApp-Image-2020-12-07-at-10.04.29-288x300.jpeg 288w, https:\/\/www.carlesbrotons.com\/wp-content\/uploads\/2020\/12\/WhatsApp-Image-2020-12-07-at-10.04.29-768x800.jpeg 768w, https:\/\/www.carlesbrotons.com\/wp-content\/uploads\/2020\/12\/WhatsApp-Image-2020-12-07-at-10.04.29.jpeg 1348w\" sizes=\"(max-width: 767px) 89vw, (max-width: 1000px) 54vw, (max-width: 1071px) 543px, 580px\" \/><figcaption>Toni Claramonte<\/figcaption><\/figure>\n<\/div>\n\n\n\n<div class=\"wp-block-column\" style=\"flex-basis:66.66%\">\n<p><br>No suelo hacerlo pero creo que esta vez har\u00e9 una excepci\u00f3n y os voy a recomendar un libro. Si quer\u00e9is pasar un rato agradable y viajar al Nepal de la mano de Carles Brotons, no perd\u00e1is la oportunidad de vivir esta aventura c\u00f3modamente desde el sof\u00e1. Compartir\u00e9is alegr\u00edas y penalidades, miedos y superaciones, y al terminar el libro tendr\u00e9is esa sensaci\u00f3n de sana envidia que os arrancar\u00e1 una sonrisa y quiz\u00e1 os anime a planear alg\u00fan viaje.<\/p>\n\n\n\n<p class=\"has-text-align-right\"><em>Viaje a Nepal<\/em><\/p>\n<\/div>\n<\/div>\n\n\n\n<div class=\"wp-block-columns\">\n<div class=\"wp-block-column\" style=\"flex-basis:33.33%\">\n<figure class=\"wp-block-image size-large\"><img loading=\"lazy\" width=\"650\" height=\"630\" src=\"https:\/\/www.carlesbrotons.com\/wp-content\/uploads\/2020\/12\/WhatsApp-Image-2020-12-07-at-10.03.04.jpeg\" alt=\"\" class=\"wp-image-138\" srcset=\"https:\/\/www.carlesbrotons.com\/wp-content\/uploads\/2020\/12\/WhatsApp-Image-2020-12-07-at-10.03.04.jpeg 650w, https:\/\/www.carlesbrotons.com\/wp-content\/uploads\/2020\/12\/WhatsApp-Image-2020-12-07-at-10.03.04-300x291.jpeg 300w\" sizes=\"(max-width: 650px) 100vw, 650px\" \/><figcaption>Sonia Barbosa<\/figcaption><\/figure>\n<\/div>\n\n\n\n<div class=\"wp-block-column\" style=\"flex-basis:66.66%\">\n<p><br>Me est\u00e1 trayendo muy buenos recuerdos tu libro, y me est\u00e1 encantando. Estuve en la Isla de Man, un sitio al que hay que ir una vez en la vida. Gracias por trasladarme hasta all\u00ed. Me gusta mucho tu estilo, logras enganchar y me he visto identificada.<\/p>\n\n\n\n<p class=\"has-text-align-right\"><em>Dos ruedas y cuatro continentes<\/em><\/p>\n<\/div>\n<\/div>\n\n\n\n<div class=\"wp-block-columns\">\n<div class=\"wp-block-column\" style=\"flex-basis:33.33%\">\n<figure class=\"wp-block-image size-large\"><img loading=\"lazy\" width=\"695\" height=\"733\" src=\"https:\/\/www.carlesbrotons.com\/wp-content\/uploads\/2020\/12\/WhatsApp-Image-2020-12-07-at-10.13.50.jpeg\" alt=\"\" class=\"wp-image-128\" srcset=\"https:\/\/www.carlesbrotons.com\/wp-content\/uploads\/2020\/12\/WhatsApp-Image-2020-12-07-at-10.13.50.jpeg 695w, https:\/\/www.carlesbrotons.com\/wp-content\/uploads\/2020\/12\/WhatsApp-Image-2020-12-07-at-10.13.50-284x300.jpeg 284w\" sizes=\"(max-width: 695px) 100vw, 695px\" \/><figcaption>Juanjo Villar<\/figcaption><\/figure>\n<\/div>\n\n\n\n<div class=\"wp-block-column\" style=\"flex-basis:66.66%\">\n<p><br>Hay un p\u00e1rrafo o m\u00e1s bien una frase en el primer cap\u00edtulo, en man\u2026que me veo reflejado al 100 % en lo que me sucedi\u00f3 hace muchos a\u00f1os, parece que me lo hayas sacado de lo mas profundo de mi mente.<\/p>\n\n\n\n<p class=\"has-text-align-right\"><em>Dos ruedas y cuatro continentes<\/em><\/p>\n<\/div>\n<\/div>\n\n\n\n<div class=\"wp-block-columns\">\n<div class=\"wp-block-column\" style=\"flex-basis:33.33%\">\n<figure class=\"wp-block-image size-large\"><img loading=\"lazy\" width=\"661\" height=\"674\" src=\"https:\/\/www.carlesbrotons.com\/wp-content\/uploads\/2020\/12\/WhatsApp-Image-2020-12-07-at-10.12.04.jpeg\" alt=\"\" class=\"wp-image-131\" srcset=\"https:\/\/www.carlesbrotons.com\/wp-content\/uploads\/2020\/12\/WhatsApp-Image-2020-12-07-at-10.12.04.jpeg 661w, https:\/\/www.carlesbrotons.com\/wp-content\/uploads\/2020\/12\/WhatsApp-Image-2020-12-07-at-10.12.04-294x300.jpeg 294w\" sizes=\"(max-width: 661px) 100vw, 661px\" \/><figcaption>Antonio<\/figcaption><\/figure>\n<\/div>\n\n\n\n<div class=\"wp-block-column\" style=\"flex-basis:66.66%\">\n<p><br>Me ha encantado el libro, realmente es la sensaci\u00f3n de estar sentado en un bar con el autor y que me est\u00e9 contando sus aventuras. Me lo he pasado estupendamente, es agradable de leer y felicito al autor y le doy las gracias por hacerlo tan ameno. Hac\u00eda tiempo que no consegu\u00eda leer ning\u00fan libro, varios empezados y todos abandonados, pero con este libro he conseguido recuperar mi afici\u00f3n por la lectura.<\/p>\n\n\n\n<p class=\"has-text-align-right\"><em>Dos ruedas y cuatro continentes<\/em><\/p>\n<\/div>\n<\/div>\n\n\n\n<div class=\"wp-block-columns\">\n<div class=\"wp-block-column\" style=\"flex-basis:33.33%\">\n<figure class=\"wp-block-image size-large\"><img loading=\"lazy\" width=\"405\" height=\"472\" src=\"https:\/\/www.carlesbrotons.com\/wp-content\/uploads\/2020\/12\/WhatsApp-Image-2020-12-07-at-10.10.57.jpeg\" alt=\"\" class=\"wp-image-132\" srcset=\"https:\/\/www.carlesbrotons.com\/wp-content\/uploads\/2020\/12\/WhatsApp-Image-2020-12-07-at-10.10.57.jpeg 405w, https:\/\/www.carlesbrotons.com\/wp-content\/uploads\/2020\/12\/WhatsApp-Image-2020-12-07-at-10.10.57-257x300.jpeg 257w\" sizes=\"(max-width: 405px) 100vw, 405px\" \/><figcaption>Jos\u00e9 Manuel<\/figcaption><\/figure>\n<\/div>\n\n\n\n<div class=\"wp-block-column\" style=\"flex-basis:66.66%\">\n<p><br>Ayer acab\u00e9 de leerlo.<br>En dos tiempos ha ca\u00eddo, no me ha costado mucho rodar contigo en mi imaginaci\u00f3n, eso dice mucho del libro.<\/p>\n\n\n\n<p class=\"has-text-align-right\"><em>Dos ruedas y cuatro continentes<\/em><\/p>\n<\/div>\n<\/div>\n\n\n\n<div class=\"wp-block-columns\">\n<div class=\"wp-block-column\" style=\"flex-basis:33.33%\">\n<figure class=\"wp-block-image size-large\"><img loading=\"lazy\" width=\"1024\" height=\"1024\" src=\"https:\/\/www.carlesbrotons.com\/wp-content\/uploads\/2020\/12\/WhatsApp-Image-2020-12-07-at-10.09.34-1024x1024.jpeg\" alt=\"\" class=\"wp-image-133\" srcset=\"https:\/\/www.carlesbrotons.com\/wp-content\/uploads\/2020\/12\/WhatsApp-Image-2020-12-07-at-10.09.34-1024x1024.jpeg 1024w, https:\/\/www.carlesbrotons.com\/wp-content\/uploads\/2020\/12\/WhatsApp-Image-2020-12-07-at-10.09.34-300x300.jpeg 300w, https:\/\/www.carlesbrotons.com\/wp-content\/uploads\/2020\/12\/WhatsApp-Image-2020-12-07-at-10.09.34-150x150.jpeg 150w, https:\/\/www.carlesbrotons.com\/wp-content\/uploads\/2020\/12\/WhatsApp-Image-2020-12-07-at-10.09.34-768x768.jpeg 768w, https:\/\/www.carlesbrotons.com\/wp-content\/uploads\/2020\/12\/WhatsApp-Image-2020-12-07-at-10.09.34-100x100.jpeg 100w, https:\/\/www.carlesbrotons.com\/wp-content\/uploads\/2020\/12\/WhatsApp-Image-2020-12-07-at-10.09.34.jpeg 1440w\" sizes=\"(max-width: 767px) 89vw, (max-width: 1000px) 54vw, (max-width: 1071px) 543px, 580px\" \/><figcaption>Toni Escobar<\/figcaption><\/figure>\n<\/div>\n\n\n\n<div class=\"wp-block-column\" style=\"flex-basis:66.66%\">\n<p><br>Me ha encantado. Cuentas tus experiencias en nuestro lenguaje, el de las 2 ruedas y as\u00ed las vivo en primera persona. \u00a1Enhorabuena!<br>(Y por cierto\u2026 an\u00edmate a escribir sobre el reino de Mustang).<\/p>\n\n\n\n<p class=\"has-text-align-right\"><em>Dos ruedas y cuatro continentes<\/em><\/p>\n<\/div>\n<\/div>\n\n\n\n<div class=\"wp-block-columns\">\n<div class=\"wp-block-column\" style=\"flex-basis:33.33%\">\n<figure class=\"wp-block-image size-large\"><img loading=\"lazy\" width=\"694\" height=\"563\" src=\"https:\/\/www.carlesbrotons.com\/wp-content\/uploads\/2020\/12\/WhatsApp-Image-2020-12-07-at-10.08.27.jpeg\" alt=\"\" class=\"wp-image-134\" srcset=\"https:\/\/www.carlesbrotons.com\/wp-content\/uploads\/2020\/12\/WhatsApp-Image-2020-12-07-at-10.08.27.jpeg 694w, https:\/\/www.carlesbrotons.com\/wp-content\/uploads\/2020\/12\/WhatsApp-Image-2020-12-07-at-10.08.27-300x243.jpeg 300w\" sizes=\"(max-width: 694px) 100vw, 694px\" \/><figcaption>Ricardo Vadillo<\/figcaption><\/figure>\n<\/div>\n\n\n\n<div class=\"wp-block-column\" style=\"flex-basis:66.66%\">\n<p><br>Guap\u00edsimo el libro. \u00a1Me ha encantado! Dan ganas de coger la moto y salir\u2026 Y muy f\u00e1cil de leer. \u00a1Tienes que hacer otro!<\/p>\n\n\n\n<p class=\"has-text-align-right\"><em>Dos ruedas y cuatro continentes<\/em><\/p>\n<\/div>\n<\/div>\n\n\n\n<div class=\"wp-block-columns\">\n<div class=\"wp-block-column\" style=\"flex-basis:33.33%\">\n<figure class=\"wp-block-image size-large\"><img loading=\"lazy\" width=\"995\" height=\"1024\" src=\"https:\/\/www.carlesbrotons.com\/wp-content\/uploads\/2020\/12\/WhatsApp-Image-2020-12-07-at-10.06.38-995x1024.jpeg\" alt=\"\" class=\"wp-image-135\" srcset=\"https:\/\/www.carlesbrotons.com\/wp-content\/uploads\/2020\/12\/WhatsApp-Image-2020-12-07-at-10.06.38-995x1024.jpeg 995w, https:\/\/www.carlesbrotons.com\/wp-content\/uploads\/2020\/12\/WhatsApp-Image-2020-12-07-at-10.06.38-292x300.jpeg 292w, https:\/\/www.carlesbrotons.com\/wp-content\/uploads\/2020\/12\/WhatsApp-Image-2020-12-07-at-10.06.38-768x790.jpeg 768w, https:\/\/www.carlesbrotons.com\/wp-content\/uploads\/2020\/12\/WhatsApp-Image-2020-12-07-at-10.06.38.jpeg 1067w\" sizes=\"(max-width: 767px) 89vw, (max-width: 1000px) 54vw, (max-width: 1071px) 543px, 580px\" \/><figcaption>Estela Ruiz<\/figcaption><\/figure>\n<\/div>\n\n\n\n<div class=\"wp-block-column\" style=\"flex-basis:66.66%\">\n<p><br>Bueno, ya he regresado de Bosnia. \u00a1Escribes y transmites muy bien! Tengo que reconocer que ha habido un momento en que he temido narraciones muy duras pero a\u00fan siendo dur\u00edsimo porque me puedo imaginar la situaci\u00f3n vivida en los pa\u00edses en guerra, agradezco como lectora que no te hayas regocijado en hechos escabrosos. No me entra en la cabeza ese af\u00e1n de muchos (demasiados) humanos de tanto deseo de poder y destrucci\u00f3n\u2026 Nada puede justificar un conflicto b\u00e9lico. Es terrible y vamos a peor. Y s\u00ed, somos unos privilegiados que vivimos rodeados de tantos lujos y en cambio hay tanta gente en el planeta que no tienen cubiertas ni las necesidades b\u00e1sicas\u2026 El haberte embarcado en una historia as\u00ed dice mucho de tu calidad humana. <br>Libro para la reflexi\u00f3n.<br>\u00a1Felicidades!<\/p>\n\n\n\n<p class=\"has-text-align-right\"><em>Viaje a Bosnia<\/em><\/p>\n<\/div>\n<\/div>\n\n\n\n<div class=\"wp-block-columns\">\n<div class=\"wp-block-column\" style=\"flex-basis:33.33%\">\n<figure class=\"wp-block-image size-large\"><img loading=\"lazy\" width=\"645\" height=\"748\" src=\"https:\/\/www.carlesbrotons.com\/wp-content\/uploads\/2020\/12\/WhatsApp-Image-2020-12-07-at-10.05.58.jpeg\" alt=\"\" class=\"wp-image-136\" srcset=\"https:\/\/www.carlesbrotons.com\/wp-content\/uploads\/2020\/12\/WhatsApp-Image-2020-12-07-at-10.05.58.jpeg 645w, https:\/\/www.carlesbrotons.com\/wp-content\/uploads\/2020\/12\/WhatsApp-Image-2020-12-07-at-10.05.58-259x300.jpeg 259w\" sizes=\"(max-width: 645px) 100vw, 645px\" \/><figcaption>Carlos<\/figcaption><\/figure>\n<\/div>\n\n\n\n<div class=\"wp-block-column\" style=\"flex-basis:66.66%\">\n<p><br>Libro totalmente recomendable&#8230;<br>Es muy entretenida su lectura.<br>Env\u00edo y dedicatoria por el autor.<br>Yo he &#8220;viajado&#8221; junto al protagonista todo el viaje.<\/p>\n\n\n\n<p class=\"has-text-align-right\"><em>Dos ruedas y cuatro continentes<\/em><\/p>\n<\/div>\n<\/div>\n","protected":false},"excerpt":{"rendered":"<p>Esto es lo que dicen mis lectores de mis libros&#8230; Es como si tu mejor amigo se fuera de Viaje a Nepal y despu\u00e9s te lo contara. Penurias, alegr\u00edas, fr\u00edo y pasi\u00f3n, mucha pasi\u00f3n, es la que transmite Carles con sus letras. Impresionante aventura. Viaje a Nepal No suelo hacerlo pero creo que esta vez &hellip; <\/p>\n<p class=\"link-more\"><a href=\"https:\/\/www.carlesbrotons.com\/index.php\/testimonios\/\" class=\"more-link\">Continuar leyendo<span class=\"screen-reader-text\"> &#8220;Testimonios&#8221;<\/span><\/a><\/p>\n","protected":false},"author":1,"featured_media":0,"parent":0,"menu_order":0,"comment_status":"closed","ping_status":"closed","template":"","meta":[],"_links":{"self":[{"href":"https:\/\/www.carlesbrotons.com\/index.php\/wp-json\/wp\/v2\/pages\/35"}],"collection":[{"href":"https:\/\/www.carlesbrotons.com\/index.php\/wp-json\/wp\/v2\/pages"}],"about":[{"href":"https:\/\/www.carlesbrotons.com\/index.php\/wp-json\/wp\/v2\/types\/page"}],"author":[{"embeddable":true,"href":"https:\/\/www.carlesbrotons.com\/index.php\/wp-json\/wp\/v2\/users\/1"}],"replies":[{"embeddable":true,"href":"https:\/\/www.carlesbrotons.com\/index.php\/wp-json\/wp\/v2\/comments?post=35"}],"version-history":[{"count":4,"href":"https:\/\/www.carlesbrotons.com\/index.php\/wp-json\/wp\/v2\/pages\/35\/revisions"}],"predecessor-version":[{"id":149,"href":"https:\/\/www.carlesbrotons.com\/index.php\/wp-json\/wp\/v2\/pages\/35\/revisions\/149"}],"wp:attachment":[{"href":"https:\/\/www.carlesbrotons.com\/index.php\/wp-json\/wp\/v2\/media?parent=35"}],"curies":[{"name":"wp","href":"https:\/\/api.w.org\/{rel}","templated":true}]}}